mposite number?
False
Let q(l) = -60*l + 17. Is q(-8) composite?
True
Let h(w) be the second derivative of w**5/12 + 5*w**4/24 + w**3/6 + 2*w. Let c(p) be the second derivative of h(p). Is c(6) a composite number?
True
Let y(w) = -8*w**3 - 2*w**2 + 4*w - 6. Let u(s) = -s**3 + s - 1. Let t(m) = -6*u(m) + y(m). Let f be t(-2). Is 3/(f/74)*2 a prime number?
True
Let w = 154 - -117. Is w a composite number?
False
Let t(b) = 214*b - 7. Suppose -3*u - 4*l = -17, -4*u - 7*l = -2*l - 22. Is t(u) a prime number?
False
Let q be (-37)/7 + (-2)/(-7). Let c(j) be the second derivative of j**4/6 + j**3 - j**2/2 - 6*j. Is c(q) prime?
True
Let x = 365 + -148. Suppose -3*t + 20 = -x. Is t composite?
False
Suppose 0 = 3*d - 4*g - 28, -4*d + 0*d + g + 20 = 0. Suppose 4*h + 3*s = 166, d*s + 8 = -0*s. Is h prime?
True
Let w(p) = 148*p**3 + p. Let b be w(1). Suppose -3*t + 2*j + b = -3*j, 5*t - j = 263. Is t a prime number?
True
Let j be (1 + -3)/((-6)/15). Suppose -w + 5*t + 168 = 2*t, j*t + 516 = 3*w. Is w composite?
True
Suppose -5*l + 23 = 2*s, -2*s - 23 = -4*l + s. Suppose -3*c = -4*y - 2*c + 857, l*c = 2*y - 451. Is y a prime number?
False
Is 1/4 + (-1027)/(-4) a prime number?
True
Let w(o) = o**2 - 7*o - 5. Is w(-14) prime?
False
Let z(t) = 19*t**3 + 2*t**2 - 5*t - 11. Is z(4) a composite number?
False
Let x = -388 - -558. Let t = x - 93. Is t a prime number?
False
Suppose -6 = p - 4*s - 2, -s - 20 = 5*p. Suppose 0*g - 2*g + 4 = 0. Is (g/p)/(1/(-62)) a prime number?
True
Let g be (-52)/(-3) + 8/12. Let y = g - 42. Let m = y + 61. Is m composite?
False
Suppose -13 = -3*z - 4*x - 3, -4*z + x + 7 = 0. Suppose 0 = -2*q - z*r + 7*r - 19, 3*r = -3*q + 24. Let m = q - -16. Is m a prime number?
True
Suppose -25 - 59 = -j. Suppose -r + j + 39 = 0. Let k = 178 - r. Is k composite?
True
Let u be 2*(1 - 2)*-14. Let m = 16 + -34. Let d = u + m. Is d prime?
False
Suppose 3*l - 1566 - 432 = 0. Suppose -1338 = -4*u + 5*y, u + u - 4*y = l. Is u composite?
False
Suppose 4*o + 0 - 8 = 0. Suppose 3*t = 4*g, 6 = t + 2*t - o*g. Suppose -117 = -3*x + 5*u, -t*x + u - 2*u = -133. Is x composite?
True
Let o = 154 - 123. Is o prime?
True
Let r(c) = 41*c**2 - 5*c - 3. Is r(4) composite?
True
Let a(t) be the second derivative of t**4/3 + t**3 - 3*t**2/2 + t. Is a(5) prime?
True
Let r(l) = -4*l + 4. Let f(h) = h - 1. Let b(i) = 5*f(i) + r(i). Let x be b(4). Suppose -x*n - 5*w + 204 = -38, 3*w = 3*n - 234. Is n a composite number?
False
Let o be 29/((-2)/(-1 - 7)). Is (0 - -5)*o/10 a composite number?
True
Let x(f) be the second derivative of 20*f**3/3 - 3*f**2/2 - f. Is x(2) prime?
False
Suppose 5*i = -4*a + 5061, -i + 0*i - 2513 = -2*a. Is a a prime number?
True
Let m = 134 + -75. Is m prime?
True
Is (8 - 3) + -5 - (-684 - 1) prime?
False
Let y(q) = 1 + 43*q**2 + 0*q + 0 + q - 6*q**2. Suppose -p + 12 = 5*r - 7, 2*r = -p + 7. Is y(p) a prime number?
True
Let f(v) = 4*v**3 - 10*v**2 + 3*v - 1. Is f(12) prime?
True
Is (-2)/8 + (-5469)/(-4) composite?
False
Suppose 0 = -5*n - c - 3*c + 4935, 4*n + 4*c = 3952. Let k = -496 + n. Is k prime?
True
Suppose 2*d - 618 = -q, -d = d + 2*q - 622. Is d a composite number?
False
Let y = -3365 + 6882. Is y a composite number?
False
Suppose 0 = q + q - 10, -1120 = -5*y - q. Is y a composite number?
False
Is -46*65/(-26)*134/10 a composite number?
True
Let q be 5/15 + (-16)/(-6). Let r = 5 - q. Suppose -5*k - 2*a + 1975 = 0, 0 = 8*k - 3*k - r*a - 1975. Is k prime?
False
Suppose 4*w - 20 = -0*w. Suppose 4*z - 1738 = -w*q + 301, 3*z - 1224 = -3*q. Is q a composite number?
True
Let u = -101 + 178. Is u a prime number?
False
Suppose -5*h - 104 = -i, -i - h = -65 - 21. Is i a composite number?
False
Let o(j) = j**2 - 6*j - 5. Let a be o(5). Is (a/(-4))/((-2)/(-28)) a prime number?
False
Suppose 5*m - 10 = -0*m. Suppose -156 = -2*s - m*s. Suppose -w + s = z, -4*w + 15 + 1 = 0. Is z a prime number?
False
Suppose n + 2*n = 57. Suppose 0 = -n*j + 18*j + 317. Is j composite?
False
Suppose 0 = 3*l + 4*f - 17, -5*l + f + 29 + 7 = 0. Let u = 19 - l. Suppose -208 = -4*t + u. Is t a composite number?
True
Suppose -3*i = -7*i + 1188. Suppose -5*z - i + 2047 = 0. Let b = z - 189. Is b a composite number?
True
Suppose 0 = -2*d + 6*d - 4. Let p(c) = 3 + d - 9*c + 1. Is p(-8) composite?
True
Let t(f) = 3*f + 1. Let n be t(1). Let q(a) = -3 + n*a - 1 - 1 + 2*a. Is q(6) a composite number?
False
Suppose -2*l = -6*l + 1516. Is l a prime number?
True
Let t = 9 - 9. Let f be 87/2*(-4)/(-6). Suppose -6*j + 35 = -3*j - 2*r, j - 5*r - f = t. Is j prime?
False
Let z = 523 + 34. Is z prime?
True
Let b = 3 - -4. Let p(s) = -s - b + 3*s - 4*s**2 - s**3 + 2*s**3. Is p(6) composite?
True
Is 378455/63 + ((-87)/27 - -3) composite?
False
Let n be 109/(1 - 6/3). Let w = n + 188. Is w a composite number?
False
Suppose 3*b + 203 + 187 = 0. Is (-1)/(-1 + (-128)/b) composite?
True
Suppose 467 = -b + 2*b. Is b composite?
False
Let y = -126 + 234. Suppose 0 = 5*h - 2*h - y. Is 2 - (h - 0)/(-3) composite?
True
Let k(c) be the second derivative of -c**5/20 - 3*c**4/4 + 5*c**3/2 - c**2/2 + 2*c. Is k(-12) a composite number?
False
Let h = -437 + 772. Is h prime?
False
Let p(o) be the first derivative of -27*o**2/2 - 2*o + 2. Suppose 9 = -5*b - 6. Is p(b) composite?
False
Suppose 5*f + 0*q - 3547 = -q, -5*f + q + 3543 = 0. Is f composite?
False
Suppose -169 = -2*y + 213. Is y prime?
True
Suppose 0 = -2*l + 3*r + 626, -2*r - 1575 = -5*l + 3*r. Is l prime?
False
Let c(o) be the third derivative of o**5/60 - o**4/6 - o**3/3 + o**2. Is c(-3) a prime number?
True
Let o(w) = -w**2 - 15*w - 11. Let i be o(-11). Suppose -i = -j + t, -3*j - t + 26 + 89 = 0. Is j prime?
True
Let p(m) = 2*m**3 - 11*m**2 + 13*m - 3. Is p(6) a composite number?
True
Let v = 3343 - 566. Is v prime?
True
Suppose m + 0*o - 3*o = 2234, -2234 = -m + o. Is m prime?
False
Let u = 19 + 46. Is u a prime number?
False
Suppose -c + 6*l - 3 = 4*l, -2*c + 21 = 5*l. Suppose -3*h = -5*h - c*q + 182, 5*q = -20. Is h composite?
False
Let u be 8 + (2 - 0) - 2. Suppose 0 = 4*t + u, -x + 2*t = -0*t - 4. Suppose 4*b = -3*y + 119, x = -y - 4*b + 61 - 16. Is y a prime number?
True
Let y(p) = -p**2 + 8*p - 9. Let t = 11 + -5. Is y(t) prime?
True
Let c = -3 + 10. Let g = 7 - c. Suppose g*x - 19 = -x. Is x composite?
False
Suppose -6*p + p = -4*w + 5, -w = p - 8. Suppose w*m + 14 = 609. Is m a composite number?
True
Let r = 2844 - 635. Is r composite?
True
Let n be 1 - (4 - (-17 + -1)). Let r = n + 27. Is r a composite number?
True
Let n = -85 + 239. Suppose -21 = z - n. Suppose -z = -5*u + 322. Is u a prime number?
False
Let r = -422 + 640. Is r a composite number?
True
Let x be 14/8 + (-3)/(-12). Suppose -5*z = 2*i - 199, 5*i = -0*i + x*z + 483. Is i composite?
False
Let j(w) = w**3 + 3*w**2 - w + 1. Let k be j(-2). Suppose 10 - 1 = -3*p - 3*l, 4*p + k = -3*l. Suppose p*o + 130 = 4*o. Is o a prime number?
False
Suppose 0 = 5*k + 5, -4*z + 2*z - 2*k + 996 = 0. Is z a prime number?
True
Let a = 0 + 4. Let c(b) = b**2 - b - 5. Is c(a) composite?
False
Let k be 20 + -4 + 2/1. Is ((-12)/k)/(4/(-138)) a composite number?
False
Suppose -51*s = -48*s - 2919. Is s composite?
True
Is (0 - (4 + -3))*-1*35 a composite number?
True
Suppose 3*c - 2 + 45 = -4*a, -a - 3*c = 22. Is 1164/21 - (-3)/a composite?
True
Let k(q) = -q**2 - 5*q - 2. Let a be k(-2). Is (a - 0)*52/16 composite?
False
Let a be 1*1*-2 + -624. Is (-6)/(-27) - a/18 a composite number?
True
Is (1905/10)/(((-2)/1)/(-4)) a prime number?
False
Is (-15)/(-10)*(134 + 0) a composite number?
True
Let s(k) = 3*k**2 - 1. Let u be s(1). Suppose -2*i + 158 = u*t, 2*i - 5*t = 3*i - 79. Is i a composite number?
False
Suppose -4*c = -5*c + 163. Is c prime?
True
Let w = 0 + 69. Is w a composite number?
True
Let u(g) = g + 12. Let p be u(-10). Suppose -159 - 131 = -p*d. Is d a composite number?
True
Let p(h) = -h - 2. Let b be p(-10). Is (-578)/(-10) + b/40 a prime number?
False
Suppose 7*d = 2*d. Suppose d = -2*j + 7*j - 165. Is j prime?
False
Let n = 5 + 0. Suppose 5*h - 15 - n = 0. Suppose -2*j = -h*p + 314, 0*p + p = 4*j + 75. Is p prime?
True
Suppose -4*d + 2 = 2*m - 0, -5 = 5*d. Let j be 135 + (m/(-3) - -1). Suppose -2*c + j = 5*s, 2*c - 50 = -4*s + 60. Is s composite?
True
Let y = -173 - -520. Is y composite